ivided by 9.
7
Suppose -5*d - 270 = 4*k - 2638, -5*k - 2*d + 2943 = 0. Calculate the remainder when k is divided by 118.
115
Let i(h) = -h**3 - 25*h**2 - 52*h - 24. What is the remainder when i(-23) is divided by 29?
27
Suppose -3*p + j + 379 = -4*j, 4*p = j + 494. Let y = -6 + p. Calculate the remainder when y is divided by 24.
21
Let u(b) = b**2 + 3*b - 5. Let o be u(-9). Suppose 9 = -w + o. What is the remainder when w is divided by 11?
7
Suppose 0*c + 24 = 4*c + 4*d, -3*d = 5*c - 40. Calculate the remainder when 54 is divided by c.
10
Let n(x) = 3*x**3 + 31*x**2 - 23*x - 9. Calculate the remainder when n(-10) is divided by 12.
9
Let b(g) = -9*g - 11. What is the remainder when b(-11) is divided by (-342)/(-26) + (-6)/39?
10
Let n(a) = -a**3 + 7*a**2 - 10*a + 1. What is the remainder when 67 is divided by n(4)?
4
Let g(a) = 2*a**2 - 7*a - 125. Calculate the remainder when g(14) is divided by 30.
19
Let l = 2003 + -2001. Calculate the remainder when 449 is divided by l.
1
Let y(n) = 2*n**3 + 21*n**2 - 8*n + 34. Let u be y(-11). Suppose 52 = 5*k - 113. Calculate the remainder when ((-1105)/(-17))/(1/u) is divided by k.
32
Suppose 3*l - 50 = l. Suppose -2*c = 3*w - 5*c - 9, -5*w = c - 21. Calculate the remainder when 74 - 3/(-3 + 18/w) is divided by l.
22
Suppose -2*h + 4 = -4*o, -2*h + 0*h - o + 24 = 0. Suppose 0 = -5*z + 3*z + h. Suppose -297 = -2*x - 273. Calculate the remainder when x is divided by z.
2
Suppose 5*a - 150 = -2*d, 22*d - 25 = 17*d. Calculate the remainder when 105 is divided by a.
21
Suppose -6*b + 8*b - 50 = 0. What is the remainder when 2 + (b + 3 - -2) is divided by 12?
8
Suppose 2*c - 20 = -4*r, -3*r + 78 = -c + 6*c. Calculate the remainder when c is divided by 18.
0
Let a(j) = -j**3 + 2*j**2 - 4*j + 43. Calculate the remainder when 75 is divided by a(0).
32
Suppose 0 = 4*l, -4*l = -0*j + 3*j - 84. Suppose -23 = -3*k - 8. What is the remainder when j is divided by k?
3
Let i(t) = -3*t**3 + 7*t**2 - 2*t - 3. What is the remainder when i(-2) is divided by 14?
11
What is the remainder when 51 - ((-5)/5 + 7) is divided by 31?
14
Let s(c) = -17*c + 14. Calculate the remainder when s(-3) is divided by (-112)/(-18) - (-2)/(-9).
5
Suppose 0 = -10*j - 4*j + 868. What is the remainder when j is divided by 17?
11
Suppose 0 = s - 5*k + 8, 0 = 3*k - 3 + 6. Let q(c) = -c**2 - 17*c - 17. Let a be q(s). Let l = a - 26. What is the remainder when 34 is divided by l?
7
Let j = 85 + -13. What is the remainder when j is divided by 3?
0
Suppose 14*k - 196 = 7*k. What is the remainder when k is divided by 3*(-3 - 76/(-12))?
8
Let q be (-1736)/(-17) + (-4)/34. Suppose -32*u + q = -30*u. What is the remainder when u is divided by 26?
25
Suppose 0 = 5*j - 3*u - 567, 4*u + 197 + 41 = 2*j. Let t = 713 + -705. What is the remainder when j is divided by t?
7
Suppose g - 4*g = -39. Suppose 206 = 2*m + 12. Suppose -3*b + 11 + m = 0. What is the remainder when b is divided by g?
10
Suppose 0 = 16*m - 31 - 33. Let c(t) = 11*t + 7. Calculate the remainder when 203 is divided by c(m).
50
Let a(k) = 3*k**2 - 4*k - 2. Let j(o) = -o**3 + 5*o**2 + o - 2. Let q be j(5). Calculate the remainder when 23 is divided by a(q).
10
Suppose 0 = 6*g + 57 + 9. Let o(a) = -a**3 - 12*a**2 - 10*a + 9. Let j be o(g). Let p(i) = 9*i**2 - 4*i - 5. What is the remainder when p(j) is divided by 21?
18
Let p be 7 - 4 - (1 + -44). Suppose -2*j + p = -j - 3*r, -r = 5*j - 166. Calculate the remainder when j is divided by 12.
10
Let y(p) = -p**3 + 13*p**2 + 11*p + 1. Let u be y(13). Suppose u = -10*x + 14*x. What is the remainder when x is divided by 20?
16
Let j = -64 + 161. What is the remainder when j is divided by 10?
7
Let y = -9 + 7. Let o be y + (-1 - 5) - -2. Let l = 16 + o. Calculate the remainder when 17 is divided by l.
7
Let z(y) = -y**3 - 4*y**2 + 3*y + 5. Let f be -2 - (1 + 8/4). What is the remainder when 42 is divided by z(f)?
12
Let d(f) = 12*f + 3. Let k = 18 - 15. Suppose -5*h = a - 764, -h - a - 4*a = -148. What is the remainder when h is divided by d(k)?
36
Let v = 142 + -60. Let u = -69 + v. Calculate the remainder when 76 is divided by u.
11
Let h = 138 - 276. Let v = -112 - h. Calculate the remainder when v is divided by 9.
8
Let d(x) = -x**3 - 11*x**2 + x + 11. Let b be d(-11). What is the remainder when 28 is divided by (b + 5)*(1 - (1 - 2))?
8
Suppose -5*n - 12 = -147. Calculate the remainder when 73 is divided by n.
19
Let i(g) = -g**3 + g - 8. Let b be i(0). Let m = b - -15. Let d(j) = -j**3 + 6*j**2 + 8*j - 4. Calculate the remainder when d(m) is divided by 1.
0
Suppose 4*p - 530 = -102. Calculate the remainder when p is divided by 18.
17
Suppose -4*h = -5*n + 6, 2*h + 7 = h + 4*n. Suppose -d - 3*v = -3 - 0, 0 = v. What is the remainder when 45 is divided by -69*h*(-1)/d?
22
Let h = 16 + -74. Let o be h/(3 + -5) + 1. Suppose 4*m - o = -m. Calculate the remainder when 15 is divided by m.
3
Suppose -2*o + 2 = -0. Let i be (0 + o - -20) + 3. Let q = 35 - i. Calculate the remainder when q is divided by 6.
5
Let a = 484 - 389. What is the remainder when a is divided by 14?
11
Suppose -75*u + 5*r - 290 = -80*u, r - 270 = -5*u. Calculate the remainder when u is divided by 1*18 + -2 + -2.
11
Suppose 12 = -4*s - n + 3*n, n = -2. Calculate the remainder when (34 + s - 3) + 0 is divided by 5.
2
Suppose -109 - 221 = -5*x. Let r = x + -55. What is the remainder when 20 is divided by r?
9
What is the remainder when 37 is divided by (-1)/(-8) + (-1833)/(-376)?
2
Let p(u) = u - 1. Let n be p(4). Suppose 5*f = 2*k + 79, 5*f - n*f - 22 = 4*k. Calculate the remainder when f is divided by 6.
5
Let f(d) = 6 - 13 + 5 + 5*d**2 - 5*d - 3*d**2. Calculate the remainder when f(6) is divided by 11.
7
Let i be (20/4 + -8)/((-3)/(-16)). Let j(w) = -4*w - 24. What is the remainder when 157 is divided by j(i)?
37
Suppose 4*v = -5*h + 176, -2*v - 19*h + 102 = -20*h. What is the remainder when 61 is divided by v?
12
What is the remainder when 44 is divided by (5/45)/(3/9)*57?
6
Calculate the remainder when 5 is divided by 808/505 - (-4)/10.
1
Suppose -5*m - 3*l = -355, 0*l = -m + l + 63. Let g = 20 + -11. What is the remainder when m is divided by g?
5
Suppose -14*q - 564 = -20*q. What is the remainder when q is divided by 12?
10
Suppose -4*c + 55 - 10 = -5*x, 3*x = -2*c + 17. Calculate the remainder when 38 is divided by c.
8
Let s(p) = -3*p**3 + 2*p + 358. What is the remainder when s(0) is divided by 72?
70
Let t be 4/(2*(-2)/24). Let r(w) = -w**3 - 24*w**2 + w + 37. What is the remainder when 75 is divided by r(t)?
10
Suppose -x = n - 4*x - 1, 0 = -4*n + 2*x + 54. Let v = 19 + 59. What is the remainder when v is divided by n?
14
Let y(m) = -m**3 + 13*m**2 - 6*m - 18. Calculate the remainder when y(5) is divided by 21.
5
Let t(u) = -3*u**2 + 2*u + 25. Let d(m) = -13*m**2 + 9*m + 101. Let i(z) = 2*d(z) - 9*t(z). What is the remainder when i(6) is divided by 2?
1
Suppose -29*q + 33*q - 80 = 4*v, -4*q = 4*v - 56. What is the remainder when 1952 is divided by q?
14
Let g = -129 - -164. Calculate the remainder when g is divided by 28.
7
Let j(c) = c**2 - 6*c - 4. Let l be j(6). What is the remainder when l*(4/16 + -3) is divided by 3?
2
Let v(r) = r**2 + 27*r + 92. What is the remainder when 167 is divided by v(-25)?
41
Let q(y) = 2*y**2 + 3*y + 1. Let v(b) = -b - 4. Let u(z) = -z - 1. Let x(o) = 4*u(o) - 2*v(o). What is the remainder when x(-17) is divided by q(-3)?
8
Suppose -10*q - 10*q = -660. Calculate the remainder when 80 is divided by q.
14
Let s = 956 + -936. Calculate the remainder when 196 is divided by s.
16
Suppose -102*t = -108*t + 96. Let k be 4/6 + (-561)/(-9). Calculate the remainder when k - 3*(-1)/(-3) is divided by t.
14
Let f = -963 - -1005. What is the remainder when f is divided by 10?
2
Suppose s - 2 = 0, 7*s - 2*s - 18 = 4*f. Suppose -3*m + 657 = -2*y - 26, -5*m = 3*y - 1113. What is the remainder when 51 is divided by m/18 + (-1)/f?
12
Let j(g) be the first derivative of 5*g**3/3 - g**2 - 3*g + 3. Let t(i) = -i**2 + 9*i - 17. Let x be t(5). Calculate the remainder when j(x) is divided by 13.
10
Let f(a) = a**3 + 12*a**2 + 19*a + 9. Calculate the remainder when f(-8) is divided by 13.
9
Let s(k) = k**3 + 11*k**2 - 15*k - 27. What is the remainder when s(-8) is